5)) + -19.
11
Evaluate (2 - -52) + -117 + 54.
-9
What is the value of 8 - ((-1 - -1) + 2 + 1400 + -1316) - -11?
-67
(29 + -3 - (-148 - -152)) + 18
40
Evaluate -2 + 4 + 77 - (18 + 1).
60
What is 123 - (-8 + -4 + 20 + (2 - -1))?
112
150 + (90 - 154) + (8 - 32)
62
What is the value of (-31 - (-10 + -12)) + (-14 - -9) + -6 + -1?
-21
-1 + (97 - 30 - 37)
29
What is (-1 - (-8 - -7) - 13) + (-41 - -131)?
77
Evaluate 48 - (189 + -132) - ((2 - 3 - 2) + 46).
-52
What is -11 - (1 + 45 + (-20 + 31 - (14 + -7)))?
-61
-22 - (-6 + (1 - -21) + -42)
4
59 - -48 - 63 - 45
-1
-69 - (58 + -32 - 66)
-29
What is the value of -5 - (8 - (-10 + 61)) - (6 + -18 + 7)?
43
Calculate (1 - (2 + -24) - (76 + (11 - 75))) + -80.
-69
What is -27 + (6 + 0 - (10 + (-6 - (-15 - -5))))?
-35
What is the value of (-9 - 9 - (-7 + -31)) + -52?
-32
What is (-17 - 1) + (-6 - -2) + (-2 - (-66 + 61))?
-19
What is (9 - 0 - -59) + (-9 - (0 - (-12 - -10)))?
57
What is (-3 - (0 + 53)) + 22 + (-76 - -19) + 25?
-66
What is -50 + (-41 - (-176 - -149 - (-2 + -11))) + 11?
-66
What is the value of -17 + 1 + (-33 - 58) - -31?
-76
17 - -1 - (-30 + 37) - 47
-36
What is the value of (-71 - -33) + 34 + -26 + -10 + 6?
-34
What is -21 + (34 + -16 - 7)?
-10
Calculate (-24 - -50 - 35) + -4.
-13
-8 - (62 - 54 - (-9 - (2 + 0)))
-27
-23 + (-24 - (22 - 39)) + 101
71
Evaluate 5 + (-27 - 10) + 30.
-2
What is the value of -8 + 4 + -18 + (1 + -6 - -16)?
-11
What is 25 + 4 + 8 - 13 - -10?
34
-15551 + 15546 - ((-2 - 66 - 0) + 3 + -5)
65
Evaluate (-51 - -122 - 76) + (82 - 1).
76
-14 + 12 - (11 + 14) - 0
-27
What is the value of -19 + -9 + (-2 - 0 - 5) - (-17 + 7)?
-25
What is the value of -108 + 10 + 5 + 5 + 8?
-80
(2 - 4) + 0 - ((-83 - -49 - 6) + 31)
7
What is the value of -148 + (-40 - -114) - -43?
-31
What is -116 + 43 + 113 + (5 - -1 - 1)?
45
Calculate 16 + (6 - (47 + (8 - -12))).
-45
Evaluate -11 + (-39 - (-58 + -15)).
23
What is 68 - 150 - 17 - -62?
-37
What is (-37 + 52 - 118) + (44 - 0)?
-59
-195 + (119 - 70) - -82
-64
Calculate 6 + (7 - 55) + ((-12 - -7) + -16 - -27).
-36
What is (-1 - -9) + 0 + 0 + 5 + (33 - 34)?
12
9 + -35 + 9 + (4 - 14 - 7)
-34
Evaluate -40 + 86 + -84 + 101.
63
What is the value of (3 - 1) + 4 + -9 + (-6 - -49 - 125)?
-85
Evaluate -11 - ((-106 - -3) + (-2 - (20 + -9) - -26)).
79
What is -83 + 80 + (-18 - -3)?
-18
Evaluate 16 - (-14 + 32) - (-61 + (-12 - -7)).
64
What is -1 + -65 - (-6641 + 6536)?
39
Calculate (-14 - -8) + 6 - (-95 - -132).
-37
What is the value of -227 + 238 + (4 - -43)?
58
-5 + (11 - (3 + -23 + 23)) - (-1 + 106)
-102
What is -82 + 81 + 65 + -14 + 2?
52
Evaluate -27 + (3 - (3 + -11)) + (-36 - -16).
-36
What is the value of (7 + (-1 - -8) - 4 - -34 - -10) + 11?
65
Evaluate -17 - (-25 + 10 + 1) - 42.
-45
Evaluate (28 + -17 + -29 - -33) + (8 - 1).
22
Evaluate -42 - (-8 - -2) - (-6 + 1).
-31
133 + 1 + 779 + -834
79
What is -18 + (31 - 11 - 0) - 5?
-3
(-138 + 358 - 242) + (1 - (1 + 29))
-51
Calculate (19 - (-4 + 29)) + 9 + 0.
3
What is -1255 - -1269 - (2 - -1 - (2 + -4))?
9
What is 105 - (-3 - 12 - (-14 + (-39 - -10) + 15))?
92
Evaluate -3 + (-4 - 70 - -19 - (0 - -14)).
-72
Calculate (-22 - -36) + -17 + 2 + -1 - (-1 + 10).
-11
48 - (-3 - -4 - (883 - 846))
84
Calculate -1 + -50 - (9431 + -9417).
-65
26 - 80 - (-24 + (-3 - -2))
-29
Calculate -10 - (-1 + -4 - -10) - ((9 - 2) + -17).
-5
5 + -55 + 8 + 1 + -10 + (29 - 27)
-49
(-4 - (6 - (-8 - -9))) + 25 + -10
6
Calculate (0 - -15) + (-1309 - -1313).
19
Calculate 38 + (-4 + -3 + -16 - -10).
25
What is (4 - -1) + 97 + 154 + -163?
93
-105 - -197 - 84 - (-5 + (74 - 3))
-58
What is 79 + (-8 - (2 + -2) - -2) + -72 + 69?
70
What is (3 - 2 - (51 + -7)) + (18 + 7 - 29)?
-47
What is (-19 - 1) + 29 - (-5 + (-3 - -58))?
-41
-7 - (-14 - (-13 + (22 - (3 + 8)) + -98))
-93
Calculate (0 - -1) + 22 - 59 - (1 + -5).
-32
What is 30 - 26 - 43 - (17 + 3)?
-59
Evaluate -33 - (-26 - (23 + -55) - 34).
-5
58 + (8 - (25 + -41)) - (-2 - (6 + 0))
90
12 - (1 - -47 - (50 - 73))
-59
Calculate (15 - (-138 + 253)) + 243.
143
-1 + 50 + (-551 - -468) + -26
-60
What is 80 + ((25 - -9) + -29 - -6)?
91
What is the value of -61 + 13 + 86 + -57?
-19
Evaluate 6 - (105 - (5 - -2)) - (46 + -59).
-79
Calculate 38 - (45 + (73 - 57)).
-23
What is 0 + -1 + (-114 - -159) + (-9 + 18 - 5)?
48
Evaluate 1 + (-58 - -2 - -17) + (-15 - 1).
-54
What is -30 + 4 + (1 - 4) + 15 + -16?
-30
What is 6 + (-5 - 3) + 2 + 7?
7
What is 10 + (16 + -13 - -15 - -6 - 9)?
25
Calculate 17 + -17 + (-23 + 33 - (1 + -12)).
21
Evaluate -25 + (-25 - (-7 + -1)) + 1 + 0.
-41
Evaluate (142 + 5 - 98) + -54.
-5
What is the value of 10 - (0 - -3 - (-315 - -305))?
-3
Calculate (81 - -8) + -50 - -24.
63
What is (-4 - ((-75 - -86) + (-12 - -1) - 0)) + -68?
-72
Evaluate (21 - 18 - ((7 - 2 - 69) + -5)) + 8.
80
What is the value of -133 + 94 + (-23 - -5) + -19?
-76
Evaluate (3 + 8 - (17 + 8)) + (-18 + 5 - 2).
-29
What is 17 - -1 - ((30 - (-39 + 34)) + -59)?
42
What is (0 + -5 - (391 + -414)) + -91?
-73
What is (-116 - -21) + 117 + 69?
91
What is 2 + 1 - (86 + (-19 - 25)) - (0 - -4)?
-43
Evaluate (-15 - -44) + -44 - (-1 - 8) - -76.
70
2 + -108 - ((16 - 281) + 226)
-67
Calculate 5 + 7 + -3 + (5 + -9 - 2).
3
Evaluate -56 - (-55 + 8) - -33.
24
-1770 + 1855 - (0 - -40)
45
What is the value of (33 - 10) + 22 + (30 - 8)?
67
(5 - 2) + (1 - -37 - -83) + -29
95
What is the value of -8954 - -8833 - (3 + (5 - -2))?
-131
Evaluate 14 - (-1 + 22 - 10 - 15).
18
What is 28 + 0 + (84 - 180 - -91)?
23
Evaluate -37 - (-7 + 15 + 1 + (-23 - -6)).
-29
What is 15 - (12 + -12) - (-1 + 1 - -1)?
14
Evaluate -67 + (9 - (7 + -5) - 20) - (-13 - -4).
-71
What is the value of (99 - 20) + -94 - (1 + -2)?
-14
Evaluate -14 + (-9 - (16 + -33)) - (2 - 4 - -29).
-33
Evaluate (6 + -3 - 9) + (123 - (-83 - -178)).
22
What is the value of -44 - (-108 - -34) - 33?
-3
Calculate -57 + 0 + 20 - 5 - -2.
-40
32 + 43 + (9 - (-11 + 3)) + -8
84
Calculate -7 - 2 - ((-52 - -12) + -9).
40
((35 - 27) + 20 - 27) + -1 + -9
-9
(-3 - 0) + 66 + -24 + -84 - (7 - 2)
-50
Calculate (1 - -1) + -1 + 4 - (722 + -716) - -80.
79
What is (6 - 7) + -11 + 0 - (61 - 51) - -11?
-11
What is -3 - (100 + -153 - 28)?
78
Calculate -49 - (-57 + 52 + -30).
-14
(-11 + 3 - -3 - 7) + 15 + 35
38
Evaluate 61 - (22 - (16 + -21)).
34
-9771 + 9832 + -2 + (-2 - 37)
20
What is -227 + 217 - (0 - (4 + 26))?
20
Evaluate -11 + -30 + -26 + (11 - -19).
-37
-2 - -3 - (-9 + 22 + -120 + 4 + 4)
100
Calculate -63 + 4 + 17 + -9 + 6.
-45
Evaluate 28 - (-15 + 0 + -91 + 116).
18
Calculate -918 - -951 - (1 + -4) - 89.
-53
Calculate (16 - (116 - 148)) + (-2 - 1).
45
Evaluate -5 - (-7 + -48 + -5 - (-9 + (1 - 2))).
45
52 - (75 + -36) - (0 + -4 + -2)
19
Evaluate 1721 + -1728 + (-1 - -4) + -51.
-55
Calculate 23 + 2 - (-3103 - -3114).
14
Calculate (25 - -36) + (-30 - (-5 + -1)).
37
What is 10 - ((16 + -1 - (394 - 390)) + (-1 - -1))?
-1
What is the value of (491 - 349) + -188 + 7?
-39
Calculate (105 - (37 - -82)) + -1 + 49.
34
What is 4 - 49 - (2 + 12)?
-59
What is (-2 - (-10 + -2) - 2) + (-64 - 13 - -116)?
47
What is -6 + -8 + 3 - (43 - (-22 + 15))?
-61
Calculate -4 + 1 + (27 + 0 - (-48 - -62)).
10
-40 - (0 + -1) - (-43 + 98 - 67)
-27
(-1 + 11 - (105 - -4 - 17)) + 19
-63
Evaluate -677 + 605 + -6 + 32.
-46
What is the value of 26 - (16 - (-9 - -6))?
7
What is the value of -71 - (458 - 453 - (2 - 2))?
-76
What is -48 - 45 - -35 - -41?
-17
Calculate (-20 - (17 - 18 - 29)) + (-5 - 0) - 9.
-4
What is the value of 108 + -116 - (-2 + 3) - (-3 + 7 - 8)?
-5
Evaluate 6 + 34 + 2 + 13 + -2.
53
What is (1736 - 1724) + (30 - -1)?
43
What is (0 + -57 - 1) + (-22 + 44 + -39 - -26)?
-49
Calculate 2 + (27 - (-2 - (-22 + 10))) + 77.
96
Calculate 7 + -21 + 27 + -5 + 1 + -1 + -8.
0
Evaluate 36 - (-35 + -16 + 65).
22
Evaluate -14 + 3 + (2 - (-19 - -8)) + -16 + 13.
-1
Calculate (351 - 340) + (1 - (0 + -3) - 26).
-11
-5 + 8 + 4 - (6 - 8)
9
Evaluate 25198 + -25198 + (1 - (3 + -1)) + -27.
-28
Evaluate (20 - (40 - (-14 - -38))) + -9 + -2 - -60.
53
What is the value of -109 + 41 - (-10 + -31)?
-27
What is -30 - 70 - -144 - 34?
10
What is the value of 0 + -7 + (-4 + 5 + -43 - (-18 + 3))?
-34
-7 + (19 - 72 - -31) + 16
-13
3 - (1 - 2 - 21) - (-3065 - -3057)
33
What is -828 - -933 - (-10 + 55)?
60
What is the value of -4 + -50 + 57 - 22?
-19
Calculate 19351 + -19